ulate the remainder when 1858 is divided by 7.
3
What is the remainder when 31856 is divided by 263?
33
What is the remainder when 1297 is divided by 646?
5
What is the remainder when 105049 is divided by 44?
21
Calculate the remainder when 38079 is divided by 11.
8
Calculate the remainder when 34150 is divided by 8.
6
Calculate the remainder when 198685 is divided by 66227.
4
What is the remainder when 4108 is divided by 1054?
946
Calculate the remainder when 12578 is divided by 319.
137
What is the remainder when 23367 is divided by 963?
255
Calculate the remainder when 1352 is divided by 22.
10
Calculate the remainder when 1415 is divided by 337.
67
Calculate the remainder when 738 is divided by 34.
24
What is the remainder when 49224 is divided by 24560?
104
What is the remainder when 1857 is divided by 93?
90
Calculate the remainder when 46131 is divided by 11531.
7
What is the remainder when 18328 is divided by 761?
64
What is the remainder when 120074 is divided by 36?
14
Calculate the remainder when 49762 is divided by 16564.
70
What is the remainder when 12832 is divided by 119?
99
Calculate the remainder when 66073 is divided by 350.
273
Calculate the remainder when 450069 is divided by 266.
263
What is the remainder when 24861 is divided by 14?
11
What is the remainder when 230298 is divided by 5?
3
Calculate the remainder when 91174 is divided by 162.
130
Calculate the remainder when 2135 is divided by 848.
439
Calculate the remainder when 3629 is divided by 619.
534
Calculate the remainder when 587329 is divided by 146831.
5
Calculate the remainder when 98717 is divided by 23.
1
What is the remainder when 23946 is divided by 32?
10
What is the remainder when 2490060 is divided by 706?
704
Calculate the remainder when 60758 is divided by 60753.
5
Calculate the remainder when 7514 is divided by 1553.
1302
Calculate the remainder when 17204 is divided by 239.
235
Calculate the remainder when 228027 is divided by 1018.
1013
What is the remainder when 510873 is divided by 2468?
2465
What is the remainder when 853 is divided by 529?
324
What is the remainder when 3808 is divided by 315?
28
Calculate the remainder when 322485 is divided by 556.
5
What is the remainder when 9759 is divided by 181?
166
Calculate the remainder when 1371 is divided by 265.
46
Calculate the remainder when 1955 is divided by 11.
8
Calculate the remainder when 7996 is divided by 1885.
456
What is the remainder when 2365 is divided by 1140?
85
Calculate the remainder when 53520 is divided by 569.
34
Calculate the remainder when 7996 is divided by 138.
130
Calculate the remainder when 34167 is divided by 17.
14
Calculate the remainder when 16907 is divided by 64.
11
Calculate the remainder when 24789 is divided by 87.
81
What is the remainder when 1120 is divided by 273?
28
Calculate the remainder when 27399 is divided by 52.
47
Calculate the remainder when 7421 is divided by 1014.
323
What is the remainder when 371 is divided by 361?
10
What is the remainder when 676858 is divided by 290?
288
What is the remainder when 59566 is divided by 81?
31
Calculate the remainder when 13046 is divided by 214.
206
Calculate the remainder when 478 is divided by 151.
25
Calculate the remainder when 834 is divided by 53.
39
What is the remainder when 31093 is divided by 112?
69
Calculate the remainder when 45497 is divided by 26.
23
What is the remainder when 4147 is divided by 921?
463
What is the remainder when 5970 is divided by 2407?
1156
What is the remainder when 21531 is divided by 1340?
91
Calculate the remainder when 73882 is divided by 33.
28
What is the remainder when 66939 is divided by 13381?
34
What is the remainder when 271531 is divided by 4114?
7
What is the remainder when 70331 is divided by 5410?
1
What is the remainder when 3487 is divided by 318?
307
Calculate the remainder when 2110 is divided by 2088.
22
What is the remainder when 3635 is divided by 182?
177
What is the remainder when 2603077 is divided by 5?
2
Calculate the remainder when 27613 is divided by 5463.
298
Calculate the remainder when 2234 is divided by 46.
26
What is the remainder when 3123 is divided by 1402?
319
What is the remainder when 865 is divided by 258?
91
What is the remainder when 77252 is divided by 114?
74
What is the remainder when 1935 is divided by 436?
191
Calculate the remainder when 14079 is divided by 4655.
114
What is the remainder when 10803 is divided by 1059?
213
Calculate the remainder when 1402 is divided by 28.
2
Calculate the remainder when 478 is divided by 466.
12
What is the remainder when 77184 is divided by 25722?
18
What is the remainder when 18376 is divided by 5?
1
What is the remainder when 34524 is divided by 2034?
1980
Calculate the remainder when 20899 is divided by 4.
3
Calculate the remainder when 1100 is divided by 240.
140
What is the remainder when 30192 is divided by 9?
6
What is the remainder when 17673 is divided by 2942?
21
Calculate the remainder when 42777 is divided by 176.
9
What is the remainder when 623 is divided by 37?
31
What is the remainder when 78943 is divided by 14?
11
What is the remainder when 140444 is divided by 14?
10
Calculate the remainder when 15840 is divided by 54.
18
What is the remainder when 40794 is divided by 857?
515
Calculate the remainder when 14554 is divided by 26.
20
Calculate the remainder when 12283 is divided by 51.
43
Calculate the remainder when 1552 is divided by 82.
76
Calculate the remainder when 2705 is divided by 531.
50
Calculate the remainder when 753097 is divided by 1251.
1246
Calculate the remainder when 1021 is divided by 83.
25
Calculate the remainder when 39315 is divided by 741.
42
Calculate the remainder when 12501 is divided by 24.
21
What is the remainder when 8349 is divided by 8270?
79
Calculate the remainder when 147081 is divided by 238.
235
What is the remainder when 14176 is divided by 189?
1
What is the remainder when 2546 is divided by 95?
76
What is the remainder when 3134 is divided by 58?
2
What is the remainder when 18501 is divided by 98?
77
Calculate the remainder when 149097 is divided by 7846.
23
Calculate the remainder when 26436 is divided by 6578.
124
What is the remainder when 63664 is divided by 2768?
0
Calculate the remainder when 51723 is divided by 738.
63
Calculate the remainder when 136536 is divided by 15164.
60
What is the remainder when 100161 is divided by 982?
979
What is the remainder when 9362 is divided by 620?
62
Calculate the remainder when 4105 is divided by 18.
1
What is the remainder when 94861 is divided by 88?
85
Calculate the remainder when 809 is divided by 763.
46
What is the remainder when 355001 is divided by 1099?
24
What is the remainder when 109600 is divided by 36532?
4
Calculate the remainder when 3186 is divided by 530.
6
What is the remainder when 16724 is divided by 5567?
23
Calculate the remainder when 4513 is divided by 756.
733
What is the remainder when 2804 is divided by 865?
209
Calculate the remainder when 163494 is divided by 191.
189
Calculate the remainder when 657374 is divided by 163.
158
Calculate the remainder when 38398 is divided by 1370.
38
What is the remainder when 61726 is divided by 332?
306
Calculate the remainder when 19378 is divided by 4829.
62
What is the remainder when 144982 is divided by 8?
6
Calculate the remainder when 1708 is divided by 548.
64
What is the remainder when 925483 is divided by 3?
1
Calculate the remainder when 60654 is divided by 60613.
41
What is the remainder when 10464 is divided by 349?
343
What is the remainder when 40157 is divided by 13383?
8
What is the remainder when 13490 is divided by 6742?
6
Calculate the remainder when 84367 is divided by 143.
140
Calculate the remainder when 1591 is divided by 207.
142
What is the remainder when 270227 is divided by 702?
659
What is the remainder when 933 is divided by 130?
23
What is the remainder when 666894 is divided by 15?
9
What is the remainder when 24574 is divided by 410?
384
Calculate the remainder when 22518 is divided by 7492.
42
What is the remainder when 171119 is divided by 230?
229
Calculate the remainder when 100691 is divided by 65.
6
Calculate the remainder when 77393 is divided by 520.
433
What is the remainder whe